4034882327 a prime number?
False
Is 20889249179 a composite number?
True
Is 6580063183 a composite number?
True
Is 445391393 a prime number?
True
Is 3826490779 composite?
False
Is 975168071 prime?
True
Is 8705605003 a composite number?
True
Is 639199183 a composite number?
True
Is 25478051 prime?
True
Is 63880465942 a composite number?
True
Is 106598806577 prime?
True
Is 3031059971 a composite number?
True
Is 714031607 a prime number?
True
Is 1771504979 a prime number?
True
Is 48779691 a prime number?
False
Is 33647987 a composite number?
True
Is 2387682097 prime?
True
Is 27264396979 prime?
False
Is 8176750195 composite?
True
Is 36564733559 composite?
True
Is 35657162 a composite number?
True
Is 12564947851 composite?
True
Is 10696559 a composite number?
True
Is 116648932529 a composite number?
True
Is 202212179 prime?
False
Is 34959709 a composite number?
True
Is 615183983 a prime number?
True
Is 10920782681 a prime number?
True
Is 6107439073 prime?
True
Is 152242379 composite?
True
Is 71843831 a composite number?
False
Is 55740644222 prime?
False
Is 42465849527 a prime number?
False
Is 200449243 prime?
True
Is 8990616769 a prime number?
True
Is 379681037 a composite number?
False
Is 19425937229 prime?
True
Is 22844000051 a prime number?
False
Is 23659173569 composite?
True
Is 18195020581 composite?
True
Is 35971873307 a prime number?
True
Is 83101695551 composite?
True
Is 13299157057 composite?
True
Is 5472479711 a composite number?
False
Is 17383129741 prime?
True
Is 286824077 a prime number?
True
Is 1416062327 composite?
False
Is 102760033 a composite number?
False
Is 18066245539 a prime number?
True
Is 83571451163 a prime number?
True
Is 46460036893 a composite number?
False
Is 13520377 a composite number?
True
Is 83426648717 prime?
False
Is 764510293 prime?
True
Is 7327290119 a prime number?
True
Is 3281617982 composite?
True
Is 2434592707 composite?
True
Is 15651432374 prime?
False
Is 409103711 prime?
True
Is 2665715737 prime?
False
Is 9119623483 composite?
False
Is 60957383 composite?
True
Is 589790959 a prime number?
True
Is 45779722187 a composite number?
True
Is 760335337 composite?
False
Is 12182259829 prime?
True
Is 3931229339 a prime number?
True
Is 1793870513 a prime number?
False
Is 75093313 prime?
False
Is 251835359 composite?
False
Is 5063679677 a composite number?
True
Is 25960744133 a prime number?
False
Is 6063197501 a composite number?
False
Is 401327827 a composite number?
True
Is 2958545231 composite?
True
Is 27257612381 a prime number?
True
Is 33730696547 a prime number?
True
Is 35314651949 prime?
True
Is 7366623041 a composite number?
False
Is 40621011271 a prime number?
True
Is 54452277881 a composite number?
True
Is 425663677 a prime number?
True
Is 14287632467 a composite number?
False
Is 1298492771 a composite number?
False
Is 6102231271 a composite number?
False
Is 378625883 a prime number?
False
Is 6948835213 a composite number?
True
Is 154825721 a prime number?
True
Is 37506231093 a composite number?
True
Is 450253807 a composite number?
True
Is 900826919 a prime number?
True
Is 42464949019 prime?
False
Is 4329577171 prime?
False
Is 209262383 a composite number?
True
Is 69152536769 composite?
False
Is 831113207 a composite number?
False
Is 2729263507 a prime number?
True
Is 387005791 a prime number?
True
Is 50451046 composite?
True
Is 4609530299 a composite number?
True
Is 63110159863 prime?
False
Is 156548960679 prime?
False
Is 6976073977 a prime number?
True
Is 28724157409 a composite number?
False
Is 258090803 a prime number?
True
Is 12907766897 a prime number?
True
Is 7432983653 a prime number?
False
Is 2870220929 a prime number?
False
Is 1390097561 a composite number?
True
Is 351295559 a prime number?
False
Is 979055387 composite?
False
Is 9314335799 composite?
True
Is 25532760067 a prime number?
False
Is 83954924453 a composite number?
False
Is 39544099 composite?
True
Is 79746685021 prime?
True
Is 128838455877 a prime number?
False
Is 7589624729 a composite number?
False
Is 5953898369 prime?
False
Is 13338165317 prime?
True
Is 1170591621 a prime number?
False
Is 2286929147 a composite number?
False
Is 14685595793 a prime number?
False
Is 115171297 composite?
True
Is 8368805489 composite?
True
Is 476049309 a composite number?
True
Is 2561292287 a prime number?
False
Is 1121776583 a prime number?
True
Is 65022879161 a composite number?
True
Is 233754553 composite?
True
Is 31967233471 composite?
True
Is 187256599 prime?
False
Is 51374320663 prime?
True
Is 415357609 composite?
False
Is 4580631787 prime?
True
Is 1329346715 composite?
True
Is 3746196485 prime?
False
Is 10982922253 composite?
True
Is 2709613157 composite?
True
Is 4302591257 a composite number?
True
Is 6871799741 composite?
True
Is 14397612499 a composite number?
False
Is 918025541 a composite number?
False
Is 3836798029 composite?
True
Is 362825993 a composite number?
False
Is 5030604841 a prime number?
False
Is 9923284058 a composite number?
True
Is 521443291 a prime number?
True
Is 2034861419 a prime number?
True
Is 56325875881 composite?
True
Is 4091786051 composite?
False
Is 15549693359 a prime number?
False
Is 433786013 a composite number?
False
Is 7195605194 prime?
False
Is 2233406701 composite?
False
Is 2999428043 a composite number?
True
Is 169060967 a composite number?
True
Is 294049933 prime?
True
Is 13130467417 composite?
False
Is 6121994363 a composite number?
False
Is 1914114877 a composite number?
True
Is 13479427243 a prime number?
False
Is 545276057 a prime number?
True
Is 545159491 prime?
True
Is 4446259793 prime?
True
Is 132377159 prime?
True
Is 3828309131 prime?
False
Is 7102120309 composite?
True
Is 1150584439 prime?
False
Is 4280573369 prime?
False
Is 6819426277 composite?
True
Is 6070899277 a prime number?
True
Is 3641377591 a composite number?
False
Is 41348044553 composite?
False
Is 6063185069 prime?
True
Is 1444473277 a prime number?
False
Is 87123001811 a composite number?
False
Is 623664779 a prime number?
False
Is 1249629 a composite number?
True
Is 71486687089 a composite number?
False
Is 57771243839 prime?
False
Is 569083069 prime?
True
Is 166491968239 a composite number?
False
Is 9465437627 a composite number?
False
Is 73468211 prime?
True
Is 252687077 a composite number?
True
Is 4970611013 composite?
False
Is 3778968677 a composite number?
True
Is 7204751291 prime?
False
Is 128959133 a composite number?
False
Is 94496522749 a composite number?
True
Is 1859459353 a prime number?
True
Is 92089868261 composite?
True
Is 181990733 a prime number?
True
Is 102083420149 composite?
False
Is 13182578299 a composite number?
True
Is 21692455339 composite?
True
Is 6711777743 a prime number?
False
Is 15506737903 prime?
True
Is 12586353661 composite?
True
Is 23656735811 a composite number?
True
Is 15841096919 a composite number?
False
Is 8094219559 a prime number?
True
Is 37541582759 composite?
True
Is 15071917391 a prime number?
True
Is 186215346311 a composite number?
False
Is 40669578361 prime?
True
Is 16142113303 a prime number?
False
Is 128944129 a prime number?
False
Is 1061757647 composite?
True
Is 66820427059 a composite number?
True
Is 282177817 composite?
False
Is 395874294403 a prime number?
False
Is 226431616241 prime?
True
Is 2039129767 a composite number?
True
Is 22731260737 a prime number?
False
Is 251441663 composite?
True
Is 167660871013 a prime number?
True
Is 18600165965 composite?
True
Is 3910030259 prime?
True
Is 3290886353 a composite number?
False
Is 127317958853 a prime number?
False
Is 711338545 composite?
True
Is 1695844195 composite?
True
Is 350130971 composite?
True
Is 95774251 composite?
True
Is 2436761465 composite?
True
Is 198916465993 a composite number?
True
Is 2558082697 composite?
False
Is 791620301 prime?
True
Is 52887384103 a prime number?
False
Is 1183264827 prime?
False
Is 3948704083 composite?
False
Is 2283111371 a composite number?
False
Is 827027303 a prime number?
True
Is 6731369699 a composite number?
False
Is 17481915043 a prime number?
True
Is 403506269 composite?
False
Is 46894373 prime?
True
Is 353353067 prime?
False
Is 1449496694 a composite number?
True
Is 6758634731 a composite number?
False
Is 20612113243 composite?
False
Is 627679037 prime?
True
Is 975091603 a prime numb